{"id":643,"date":"2017-11-12T18:59:12","date_gmt":"2017-11-12T18:59:12","guid":{"rendered":"http:\/\/hugo-oberau.de\/?page_id=643"},"modified":"2017-11-12T18:59:12","modified_gmt":"2017-11-12T18:59:12","slug":"dokumente-zur-erstnennung-von-oberau","status":"publish","type":"page","link":"http:\/\/hugo-oberau.de\/?page_id=643","title":{"rendered":"Dokumente zur Erstnennung von Oberau"},"content":{"rendered":"<h6><strong><span style=\"color: rgb(255, 0, 0);\">Fragliche Erstnennung von Oberau als &#8222;Obha&#8220; im Schutzbrief des Papstes Honorius III. von 1219 betreffend das Kloster Konradsdorf und seine Besitzungen gem\u00e4\u00df der Transsumptionsurkunde von 1405 (s. wei\u00dfe Markierung und Unterstreichung). <\/span><\/strong><\/h6>\n<p><strong><span style=\"color: rgb(255, 0, 0);\"><strong>Ver\u00f6ff. genehm.: 16.10.2014, Landeshauptarchiv Sachsen-Anhalt, Abt. Magdeburg, H 6 Stolbergisches Gemeinschaftsarchiv Ortenberg, Ortenberg III II, Nr. 1.<\/strong><\/span><\/strong><\/p>\n<p><a href=\"http:\/\/hugo-oberau.de\/wp-content\/uploads\/2015\/10\/InkedIMG_4208_LI-2.jpg\" rel=\"attachment wp-att-559\"><strong><img loading=\"lazy\" decoding=\"async\" width=\"620\" height=\"465\" class=\"alignnone size-large wp-image-559\" alt=\"InkedIMG_4208_LI (2)\" src=\"http:\/\/hugo-oberau.de\/wp-content\/uploads\/2015\/10\/InkedIMG_4208_LI-2-1024x768.jpg\" srcset=\"http:\/\/hugo-oberau.de\/wp-content\/uploads\/2015\/10\/InkedIMG_4208_LI-2-1024x768.jpg 1024w, http:\/\/hugo-oberau.de\/wp-content\/uploads\/2015\/10\/InkedIMG_4208_LI-2-300x225.jpg 300w, http:\/\/hugo-oberau.de\/wp-content\/uploads\/2015\/10\/InkedIMG_4208_LI-2-768x576.jpg 768w, http:\/\/hugo-oberau.de\/wp-content\/uploads\/2015\/10\/InkedIMG_4208_LI-2-507x380.jpg 507w\" sizes=\"auto, (max-width: 620px) 100vw, 620px\" \/><\/strong><\/a><\/p>\n<h6><span style=\"color: rgb(255, 0, 0);\">Deutsche \u00dcbersetzung des Schutzbriefes von Papst Honorius III.&nbsp;<\/span><br \/>\n<span style=\"color: rgb(255, 0, 0);\">vom 13. August 1219<\/span><\/h6>\n<p><span style=\"color: rgb(255, 0, 0);\">nach einem Auszug aus der vorangezeigten, beglaubigten Abschrift vom Jahr 1405 \u00dcbersetzung von Michael Schr\u00f6der, Archiv Ortenberg:<\/span><\/p>\n<p>Honorius, Bischof, Diener Gottes, den geliebten T\u00f6chtern, dem Probst und Nonnen des Pr\u00e4monstratenserordens vom Kloster Konradsdorf. Gru\u00df und Apostolischer Segen!<\/p>\n<p>Ihr habt von Uns erbeten, was nur w\u00fcrdig und recht ist, wiewohl die Kraft des Ausgleichs als auch der r\u00f6mische Ritus es erfordert, dass durch Sorge Unseres Amtes eine angemessene Entscheidung herbeigef\u00fchrt werden soll: Deswegen, liebe T\u00f6chter im Herrn, euren berech-tigten Forderungen entgegenkommend, stimmen Wir, im Einklang mit eurer Stellung und eurem Ort, an dem ihr im G\u00f6ttlichen seid, einer Eigentums\u00fcbergabe zu, mit allen G\u00fctern, die ihr zur Zeit gerechter Weise in Besitz habt und in Zukunft auf redliche Weise, dem Willen des Herrn Vorzug gebend, m\u00fchevoll erringen werdet, und stellen alle Besitzungen unter des Seligen Petrus und Unseren Schutz, im Besonderen die Pfarrkirche in \u201eGlouburg\u201c mit den Kapellen in \u201eOrtinberg\u201c und in \u201eObha\u201c (Oberau ?) und gleichsam die \u00fcbrigen Kapellen welche derselben Pfarrei angeh\u00f6ren, so in \u201eDudilhem\u201c (D\u00fcdelsheim), in \u201eBleichinbach\u201c und in \u201eStocheim\u201c, H\u00f6fe in Konradsdorf, in Glauberg, in D\u00fcdelsheim und in \u201eMoxstad\u201c (Mockstadt), mit allem was dazugeh\u00f6rt, und die H\u00e4lfte des Dorfes \u201eWippes\u201c (Wippenbach); Wir versichern euch eurer Freiheit und aller eurer G\u00fcter, wie ihr sie mit allem Recht und friedlich besitzen sollt, euch und ebendiesem Kloster, aufgrund Unserer Apostolischen Macht und senden den Schutz des vorliegenden Schreibens. Daher also ist es keinem Menschen erlaubt, dieses Schreiben \u00fcber Unsere Freiheiten, Unseren Schutz und Unsere Zugest\u00e4ndnisse zu verletzen ohne sich Unseren Zorn zuzuziehen. Wenn aber doch einer dies anzutasten auf sich nimmt, so wird er den Zorn des allm\u00e4chtigen Gottes auf sich ziehen und der Seligen Apostel Petrus und Paulus Eingreifen verursachen.<\/p>\n<p>Gegeben zu Rom am 13. Tag des Monats August, im vierten Jahr Unseres Pontifikats&nbsp;&nbsp; &nbsp;&nbsp;&nbsp;&nbsp;&nbsp;&nbsp;&nbsp;&nbsp;&nbsp;&nbsp;&nbsp;&nbsp;&nbsp;&nbsp;<br \/>\n&nbsp;(= 13. August 1219) &nbsp;&nbsp;&nbsp;<\/p>\n<h6><span style=\"color: rgb(255, 0, 0);\"><br \/>\nErstnennung von Oberau als &#8222;Oberahe&#8220;: Schenkung von Besitzt\u00fcmern des Winther von Reifenberg in Oberau u.a. an das Kloster Haina im Jahr 1267, Auszug aus der Transsumptionsurkunde aus dem 16. Jh. (s. gelbe Markierung)<\/span><\/h6>\n<p><strong><span style=\"color: rgb(255, 0, 0);\"><strong>Ver\u00f6ff. genehm.: 30.03.\/23.05.2017 Hessisches Staatsarchiv Marburg; HStAM Bestand Urkunde 26, Nr. 262 (Bestand Kloster Haina).<\/strong><\/span><\/strong><\/p>\n<p><a href=\"http:\/\/hugo-oberau.de\/wp-content\/uploads\/2015\/10\/ZweiteAbschriftSchenkungsurkunde1267.jpg\" rel=\"attachment wp-att-561\"><strong><img loading=\"lazy\" decoding=\"async\" width=\"620\" height=\"877\" class=\"alignnone size-large wp-image-561\" alt=\"ZweiteAbschriftSchenkungsurkunde1267\" src=\"http:\/\/hugo-oberau.de\/wp-content\/uploads\/2015\/10\/ZweiteAbschriftSchenkungsurkunde1267-724x1024.jpg\" srcset=\"http:\/\/hugo-oberau.de\/wp-content\/uploads\/2015\/10\/ZweiteAbschriftSchenkungsurkunde1267-724x1024.jpg 724w, http:\/\/hugo-oberau.de\/wp-content\/uploads\/2015\/10\/ZweiteAbschriftSchenkungsurkunde1267-212x300.jpg 212w, http:\/\/hugo-oberau.de\/wp-content\/uploads\/2015\/10\/ZweiteAbschriftSchenkungsurkunde1267-768x1086.jpg 768w, http:\/\/hugo-oberau.de\/wp-content\/uploads\/2015\/10\/ZweiteAbschriftSchenkungsurkunde1267-269x380.jpg 269w, http:\/\/hugo-oberau.de\/wp-content\/uploads\/2015\/10\/ZweiteAbschriftSchenkungsurkunde1267.jpg 1654w\" sizes=\"auto, (max-width: 620px) 100vw, 620px\" \/><\/strong><\/a><\/p>\n<p><strong><img loading=\"lazy\" decoding=\"async\" width=\"620\" height=\"877\" class=\"alignnone size-large wp-image-560\" alt=\"ZweiteAbschriftSchenkungsurkundeZwei1267\" src=\"http:\/\/hugo-oberau.de\/wp-content\/uploads\/2015\/10\/ZweiteAbschriftSchenkungsurkundeZwei1267-724x1024.jpg\" srcset=\"http:\/\/hugo-oberau.de\/wp-content\/uploads\/2015\/10\/ZweiteAbschriftSchenkungsurkundeZwei1267-724x1024.jpg 724w, http:\/\/hugo-oberau.de\/wp-content\/uploads\/2015\/10\/ZweiteAbschriftSchenkungsurkundeZwei1267-212x300.jpg 212w, http:\/\/hugo-oberau.de\/wp-content\/uploads\/2015\/10\/ZweiteAbschriftSchenkungsurkundeZwei1267-768x1086.jpg 768w, http:\/\/hugo-oberau.de\/wp-content\/uploads\/2015\/10\/ZweiteAbschriftSchenkungsurkundeZwei1267-269x380.jpg 269w, http:\/\/hugo-oberau.de\/wp-content\/uploads\/2015\/10\/ZweiteAbschriftSchenkungsurkundeZwei1267.jpg 1654w\" sizes=\"auto, (max-width: 620px) 100vw, 620px\" \/><\/strong><\/p>\n<p><span style=\"color: rgb(255, 0, 0);\"><strong>D<\/strong><strong><strong>eutsche \u00dcbersetzung der Schenkungsurkunde<br \/>\nvon 25. Mai 1267&nbsp;&nbsp;&nbsp;&nbsp;&nbsp;&nbsp;&nbsp;&nbsp;&nbsp;&nbsp;&nbsp;&nbsp;&nbsp;<br \/>\n<\/strong><\/strong><\/span><span style=\"color: rgb(255, 0, 0);\"><br \/>\nnach einer Abschrift aus dem Kopialbuch von Haina aus dem 16. Jahrhundert \u00dcbersetzung nach W. J. Liedke, Oberau, Ein heimatgeschichtlicher Bilderbogen, 1971<\/span><\/p>\n<p>Ich, Winther von Reifenberg, und meine (Gemahlin) Gertrud. Mit vorliegender Urkunde wollen wir allen kundtun, dass wir alle unsere in Altenstadt, Lindheim und in Oberau gelegenen G\u00fcter und f\u00fcnf Morgen Weinberge in Bergen als Geschenk der Kirche in Haina mit dem Anrecht auf st\u00e4ndigen Besitz \u00fcbergeben; au\u00dferdem dass die genannte Kirche die H\u00e4lfte aller Ertr\u00e4ge von den Weinbergen uns zeitlebens unvermindert zahlen wird. Von den G\u00fctern der erw\u00e4hnten D\u00f6rfer aber werden wir auf die gesamten Ertr\u00e4ge verzichten. Auch das soll bekannt werden, dass die Kirche bei dem Tod des Einen (Ehepartners) f\u00fcr den \u00dcberlebenden die H\u00e4lfte von den Weinbergen und den ungeschm\u00e4lerten Anteil von den bereits genannten G\u00fctern ohne irgendwelchen Widerspruch verwalten wird. Nach dem Tod beider Eheleute aber werden die G\u00fcter f\u00fcr immer bei der Kirche bleiben, doch wird auch hinzugef\u00fcgt, dass die Besitzt\u00fcmer, falls wir mit Gottes Gnade miteinander Nachkommen haben werden, auf diese Kinder \u00fcbergehen ohne jeden Hinderungsgrund. &nbsp;Zeugen dieser Schenkung sind: Herr Philipp sen. von Falkenstein; Heinrich, Frankfurter Dekan; Johannes Leo, Siegfried von Weder, R\u00fcdiger, Johannes von Colenhusen, Geistliche in Frankfurt; Bruder Johann von Wetzlar und sein Hilfsgeistlicher Reinhard, Kaplan zu St. Nikolei; Heinrich, Schreiber des Dekans; Wolfram, ehemaliger Schulthei\u00df; Johannes Goldstein, Herbert von Offenbach, Arnold Bumeister, Gottfried von Bischofsheim, Frankfurter Sch\u00f6ffen; und viele andere. Zur Best\u00e4tigung und Erinnerung an diese Schenkung haben wir vorliegende Urkunde mit unseren eigenen Siegeln und denen des genannten Dekans versehen. Geschehen zu Frankfurt, 1267 am Tage des seligen M\u00e4rtyrers und Bekenners Urban (= 25. Mai 1267)<\/p>\n<h2><span style=\"color: rgb(255, 0, 0);\"><strong><a style=\"color: rgb(255, 0, 0); text-decoration: underline;\" href=\"http:\/\/hugo-oberau.de\/wp-content\/uploads\/2016\/11\/Untersuchung_zur_Ersterw\u00e4hnung_von-Oberau.pdf\" rel=\"\">Gutachten zur Ersterw\u00e4hnung von Oberau<\/a><\/strong><\/span><\/h2>\n<p>&nbsp;<\/p>\n<p>&nbsp;<\/p>\n<p>&nbsp;<\/p>\n","protected":false},"excerpt":{"rendered":"<p>Fragliche Erstnennung von Oberau als &#8222;Obha&#8220; im Schutzbrief des Papstes Honorius III. von 1219 betreffend das Kloster Konradsdorf und seine Besitzungen gem\u00e4\u00df der Transsumptionsurkunde von 1405 (s. wei\u00dfe Markierung und Unterstreichung). Ver\u00f6ff. genehm.: 16.10.2014, Landeshauptarchiv Sachsen-Anhalt, Abt. Magdeburg, H 6 Stolbergisches Gemeinschaftsarchiv Ortenberg, Ortenberg III II, Nr. 1. Deutsche \u00dcbersetzung des Schutzbriefes von Papst Honorius &hellip; <a href=\"http:\/\/hugo-oberau.de\/?page_id=643\" class=\"more-link\">Weiterlesen <span class=\"screen-reader-text\">Dokumente zur Erstnennung von Oberau<\/span><\/a><\/p>\n","protected":false},"author":1,"featured_media":0,"parent":0,"menu_order":0,"comment_status":"closed","ping_status":"closed","template":"","meta":{"ngg_post_thumbnail":0,"footnotes":""},"class_list":["post-643","page","type-page","status-publish","hentry","without-featured-image"],"_links":{"self":[{"href":"http:\/\/hugo-oberau.de\/index.php?rest_route=\/wp\/v2\/pages\/643","targetHints":{"allow":["GET"]}}],"collection":[{"href":"http:\/\/hugo-oberau.de\/index.php?rest_route=\/wp\/v2\/pages"}],"about":[{"href":"http:\/\/hugo-oberau.de\/index.php?rest_route=\/wp\/v2\/types\/page"}],"author":[{"embeddable":true,"href":"http:\/\/hugo-oberau.de\/index.php?rest_route=\/wp\/v2\/users\/1"}],"replies":[{"embeddable":true,"href":"http:\/\/hugo-oberau.de\/index.php?rest_route=%2Fwp%2Fv2%2Fcomments&post=643"}],"version-history":[{"count":3,"href":"http:\/\/hugo-oberau.de\/index.php?rest_route=\/wp\/v2\/pages\/643\/revisions"}],"predecessor-version":[{"id":646,"href":"http:\/\/hugo-oberau.de\/index.php?rest_route=\/wp\/v2\/pages\/643\/revisions\/646"}],"wp:attachment":[{"href":"http:\/\/hugo-oberau.de\/index.php?rest_route=%2Fwp%2Fv2%2Fmedia&parent=643"}],"curies":[{"name":"wp","href":"https:\/\/api.w.org\/{rel}","templated":true}]}}