{"id":2,"date":"2015-09-16T04:24:25","date_gmt":"2015-09-16T04:24:25","guid":{"rendered":"http:\/\/wp431m.a10-52-158-154.qa.plesk.ru\/wordpress\/?page_id=2"},"modified":"2022-04-21T07:15:23","modified_gmt":"2022-04-21T07:15:23","slug":"sample-page","status":"publish","type":"page","link":"http:\/\/hugo-oberau.de\/?page_id=2","title":{"rendered":"HERZLICH WILLKOMMEN"},"content":{"rendered":"<p>bei\u00a0<strong><span style=\"color: #d41515;\">HUGO,<\/span><\/strong> unserem\u00a0<strong><span style=\"color: #d41515;\">Heimat- und Geschichtsverein Oberau<\/span><\/strong>.<\/p>\n<p>Am 13. Juni 2014\u00a0fand das\u00a0erste Treffen von interessierten B\u00fcrgerinnen und B\u00fcrgern zum Thema Dorfjubil\u00e4um statt. Erste Recherchen einiger begeisterter Oberauer\u00a0hatten ergeben, dass es eine urkundliche Erw\u00e4hnung von Oberau aus dem Jahre 1267 gibt. Diese Jahreszahl l\u00e4sst auf ein 750-j\u00e4hriges Bestehen unseres Ortes im Jahr 2017 schlie\u00dfen.<\/p>\n<p>Damit wurde nat\u00fcrlich der Ehrgeiz der Gruppe geweckt, und tiefere Nachforschungen \u00fcber die Historie unseres Ortes begannen. Im Zuge weiterer Treffen fanden sich dann Belege, die eine erste Erw\u00e4hnung bereits im Jahre 1219 ergaben.<br \/>\nDas w\u00fcrde bedeuten, <span style=\"color: #d41515;\"><strong>800 Jahre Oberau im<\/strong> <strong>Jahr 2019!<\/strong><\/span><\/p>\n<p>Jetzt kommt wieder <strong><span style=\"color: #d41515;\">HUGO<\/span><\/strong> ins Spiel.<br \/>\nNicht nur zur Ausrichtung des Jubil\u00e4ums, sondern auch weil der Einstieg in die Vergangenheit sehr spannend und interessant ist,\u00a0haben wir\u00a0diesen Verein gegr\u00fcndet.\u00a0Er\u00a0soll aber nicht nur von einigen Wenigen getragen werden, sondern von m\u00f6glichst vielen B\u00fcrgerinnen und B\u00fcrgern aus Oberau und Umgebung.<br \/>\nEben von Oberaufreunden.<\/p>\n<p>Das Dorfjubil\u00e4um im Jahr 2019 soll nicht das einzige Ziel des Vereins sein. Auf diesen Seiten\u00a0wollen wir Euch dauerhaft\u00a0\u00fcber Oberau, dessen Historie sowie unsere gesellschaftlichen und kulturellen Aktivit\u00e4ten informieren.<\/p>\n<p>Viel\u00a0Freude beim Durchst\u00f6bern der Seiten w\u00fcnschen Euch<br \/>\nEure Oberaufreunde.<\/p>\n<p>&nbsp;<\/p>\n","protected":false},"excerpt":{"rendered":"<p>bei\u00a0HUGO, unserem\u00a0Heimat- und Geschichtsverein Oberau. Am 13. Juni 2014\u00a0fand das\u00a0erste Treffen von interessierten B\u00fcrgerinnen und B\u00fcrgern zum Thema Dorfjubil\u00e4um statt. Erste Recherchen einiger begeisterter Oberauer\u00a0hatten ergeben, dass es eine urkundliche Erw\u00e4hnung von Oberau aus dem Jahre 1267 gibt. Diese Jahreszahl l\u00e4sst auf ein 750-j\u00e4hriges Bestehen unseres Ortes im Jahr 2017 schlie\u00dfen. Damit wurde nat\u00fcrlich der &hellip; <a href=\"http:\/\/hugo-oberau.de\/?page_id=2\" class=\"more-link\">Weiterlesen <span class=\"screen-reader-text\">HERZLICH WILLKOMMEN<\/span><\/a><\/p>\n","protected":false},"author":1,"featured_media":0,"parent":12,"menu_order":0,"comment_status":"closed","ping_status":"closed","template":"","meta":{"ngg_post_thumbnail":0,"footnotes":""},"class_list":["post-2","page","type-page","status-publish","hentry","without-featured-image"],"_links":{"self":[{"href":"http:\/\/hugo-oberau.de\/index.php?rest_route=\/wp\/v2\/pages\/2","targetHints":{"allow":["GET"]}}],"collection":[{"href":"http:\/\/hugo-oberau.de\/index.php?rest_route=\/wp\/v2\/pages"}],"about":[{"href":"http:\/\/hugo-oberau.de\/index.php?rest_route=\/wp\/v2\/types\/page"}],"author":[{"embeddable":true,"href":"http:\/\/hugo-oberau.de\/index.php?rest_route=\/wp\/v2\/users\/1"}],"replies":[{"embeddable":true,"href":"http:\/\/hugo-oberau.de\/index.php?rest_route=%2Fwp%2Fv2%2Fcomments&post=2"}],"version-history":[{"count":15,"href":"http:\/\/hugo-oberau.de\/index.php?rest_route=\/wp\/v2\/pages\/2\/revisions"}],"predecessor-version":[{"id":138,"href":"http:\/\/hugo-oberau.de\/index.php?rest_route=\/wp\/v2\/pages\/2\/revisions\/138"}],"up":[{"embeddable":true,"href":"http:\/\/hugo-oberau.de\/index.php?rest_route=\/wp\/v2\/pages\/12"}],"wp:attachment":[{"href":"http:\/\/hugo-oberau.de\/index.php?rest_route=%2Fwp%2Fv2%2Fmedia&parent=2"}],"curies":[{"name":"wp","href":"https:\/\/api.w.org\/{rel}","templated":true}]}}

<p>bei <strong><span style="color: #d41515;">HUGO,</span></strong> unserem <strong><span style="color: #d41515;">Heimat- und Geschichtsverein Oberau</span></strong>.</p>
<p>Am 13. Juni 2014 fand das erste Treffen von interessierten Bürgerinnen und Bürgern zum Thema Dorfjubiläum statt. Erste Recherchen einiger begeisterter Oberauer hatten ergeben, dass es eine urkundliche Erwähnung von Oberau aus dem Jahre 1267 gibt. Diese Jahreszahl lässt auf ein 750-jähriges Bestehen unseres Ortes im Jahr 2017 schließen.</p>
<p>Damit wurde natürlich der Ehrgeiz der Gruppe geweckt, und tiefere Nachforschungen über die Historie unseres Ortes begannen. Im Zuge weiterer Treffen fanden sich dann Belege, die eine erste Erwähnung bereits im Jahre 1219 ergaben.<br />
Das würde bedeuten, <span style="color: #d41515;"><strong>800 Jahre Oberau im</strong> <strong>Jahr 2019!</strong></span></p>
<p>Jetzt kommt wieder <strong><span style="color: #d41515;">HUGO</span></strong> ins Spiel.<br />
Nicht nur zur Ausrichtung des Jubiläums, sondern auch weil der Einstieg in die Vergangenheit sehr spannend und interessant ist, haben wir diesen Verein gegründet. Er soll aber nicht nur von einigen Wenigen getragen werden, sondern von möglichst vielen Bürgerinnen und Bürgern aus Oberau und Umgebung.<br />
Eben von Oberaufreunden.</p>
<p>Das Dorfjubiläum im Jahr 2019 soll nicht das einzige Ziel des Vereins sein. Auf diesen Seiten wollen wir Euch dauerhaft über Oberau, dessen Historie sowie unsere gesellschaftlichen und kulturellen Aktivitäten informieren.</p>
<p>Viel Freude beim Durchstöbern der Seiten wünschen Euch<br />
Eure Oberaufreunde.</p>
<p>&nbsp;</p>

<p>bei HUGO, unserem Heimat- und Geschichtsverein Oberau. Am 13. Juni 2014 fand das erste Treffen von interessierten Bürgerinnen und Bürgern zum Thema Dorfjubiläum statt. Erste Recherchen einiger begeisterter Oberauer hatten ergeben, dass es eine urkundliche Erwähnung von Oberau aus dem Jahre 1267 gibt. Diese Jahreszahl lässt auf ein 750-jähriges Bestehen unseres Ortes im Jahr 2017 schließen. Damit wurde natürlich der &hellip; <a href="http://hugo-oberau.de/?page_id=2" class="more-link">Weiterlesen <span class="screen-reader-text">HERZLICH WILLKOMMEN</span></a></p>
