{"id":157,"date":"2016-03-28T21:37:53","date_gmt":"2016-03-28T21:37:53","guid":{"rendered":"http:\/\/hugo-oberau.de\/?page_id=157"},"modified":"2025-05-12T11:15:49","modified_gmt":"2025-05-12T11:15:49","slug":"der-vorstand","status":"publish","type":"page","link":"http:\/\/hugo-oberau.de\/?page_id=157","title":{"rendered":"Der Vorstand"},"content":{"rendered":"\n<p><strong>Hier die Kontaktdaten unseres gew\u00e4hlten Vorstands:<\/strong><\/p>\n\n\n\n<p><span style=\"\"><strong><mark style=\"background-color:rgba(0, 0, 0, 0);color:#cf2e2e\" class=\"has-inline-color has-vivid-red-color\">Erster<\/mark><\/strong><\/span><span style=\"\"><strong> <\/strong><\/span><span style=\"\"><strong><mark style=\"background-color:rgba(0, 0, 0, 0);color:#cf2e2e\" class=\"has-inline-color has-vivid-red-color\">Vorsitzender<\/mark><\/strong><\/span><br \/>Thomas Pflegsh\u00f6rl<br \/>Bei der Nachtweide 4<br \/>63674 Altenstadt-Oberau<\/p>\n\n\n\n<p><span style=\"\"><strong><mark style=\"background-color:rgba(0, 0, 0, 0);color:#cf2e2e\" class=\"has-inline-color has-vivid-red-color\">Stellvertretender Vorsitzender<\/mark><\/strong><\/span><br \/>Holger Eckhardt<br \/>Am Pfahlgraben 2<br \/>63674 Altenstadt-Oberau<\/p>\n\n\n\n<p><span style=\"\"><strong><mark style=\"background-color:rgba(0, 0, 0, 0);color:#cf2e2e\" class=\"has-inline-color has-vivid-red-color\">Schriftf\u00fchrerin<\/mark><\/strong><\/span><br \/>Katharina Wyrwoll<br \/>An der Lehmkaute 8<br \/>63674 Altenstadt-Oberau<\/p>\n\n\n\n<p><span style=\"\"><strong><mark style=\"background-color:rgba(0, 0, 0, 0);color:#cf2e2e\" class=\"has-inline-color has-vivid-red-color\">Kassenwart<\/mark><\/strong><\/span><br \/>Jan Emmerich<br \/>Hauptstra\u00dfe 22<br \/>63674 Altenstadt-Oberau<\/p>\n\n\n\n<p><strong><mark style=\"background-color:rgba(0, 0, 0, 0);color:#cf2e2e\" class=\"has-inline-color has-vivid-red-color\"><span style=\"\">Beisitzer<\/span>*innen<\/mark><\/strong><br \/>Heike Pflegsh\u00f6rl<br \/>Bei der Nachtweide 4<br \/>63674 Altenstadt-Oberau<\/p>\n\n\n\n<p>Roland Hofmann<br \/>Breiter Weg 5<br \/>63674 Altenstadt-Oberau<\/p>\n\n\n\n<p>J\u00fcrgen Scherz<br \/>Breiter Weg 21 A<br \/>63674 Altenstadt-Oberau<\/p>\n\n\n\n<p>Britta Kirchner<br \/>Am Wiesengrund 1<br \/>63674 Altenstadt-Oberau<\/p>\n\n\n\n<p>Petra Fischer<br \/>Bornfeldstra\u00dfe 15<br \/>63674 Altenstadt-Oberau<\/p>\n\n\n\n<p><\/p>\n","protected":false},"excerpt":{"rendered":"<p>Hier die Kontaktdaten unseres gew\u00e4hlten Vorstands: Erster VorsitzenderThomas Pflegsh\u00f6rlBei der Nachtweide 463674 Altenstadt-Oberau Stellvertretender VorsitzenderHolger EckhardtAm Pfahlgraben 263674 Altenstadt-Oberau Schriftf\u00fchrerinKatharina WyrwollAn der Lehmkaute 863674 Altenstadt-Oberau KassenwartJan EmmerichHauptstra\u00dfe 2263674 Altenstadt-Oberau Beisitzer*innenHeike Pflegsh\u00f6rlBei der Nachtweide 463674 Altenstadt-Oberau Roland HofmannBreiter Weg 563674 Altenstadt-Oberau J\u00fcrgen ScherzBreiter Weg 21 A63674 Altenstadt-Oberau Britta KirchnerAm Wiesengrund 163674 Altenstadt-Oberau Petra FischerBornfeldstra\u00dfe 1563674 Altenstadt-Oberau<\/p>\n","protected":false},"author":1,"featured_media":0,"parent":12,"menu_order":1,"comment_status":"closed","ping_status":"closed","template":"","meta":{"ngg_post_thumbnail":0,"footnotes":""},"class_list":["post-157","page","type-page","status-publish","hentry","without-featured-image"],"_links":{"self":[{"href":"http:\/\/hugo-oberau.de\/index.php?rest_route=\/wp\/v2\/pages\/157","targetHints":{"allow":["GET"]}}],"collection":[{"href":"http:\/\/hugo-oberau.de\/index.php?rest_route=\/wp\/v2\/pages"}],"about":[{"href":"http:\/\/hugo-oberau.de\/index.php?rest_route=\/wp\/v2\/types\/page"}],"author":[{"embeddable":true,"href":"http:\/\/hugo-oberau.de\/index.php?rest_route=\/wp\/v2\/users\/1"}],"replies":[{"embeddable":true,"href":"http:\/\/hugo-oberau.de\/index.php?rest_route=%2Fwp%2Fv2%2Fcomments&post=157"}],"version-history":[{"count":17,"href":"http:\/\/hugo-oberau.de\/index.php?rest_route=\/wp\/v2\/pages\/157\/revisions"}],"predecessor-version":[{"id":1552,"href":"http:\/\/hugo-oberau.de\/index.php?rest_route=\/wp\/v2\/pages\/157\/revisions\/1552"}],"up":[{"embeddable":true,"href":"http:\/\/hugo-oberau.de\/index.php?rest_route=\/wp\/v2\/pages\/12"}],"wp:attachment":[{"href":"http:\/\/hugo-oberau.de\/index.php?rest_route=%2Fwp%2Fv2%2Fmedia&parent=157"}],"curies":[{"name":"wp","href":"https:\/\/api.w.org\/{rel}","templated":true}]}}

<p><strong>Hier die Kontaktdaten unseres gewählten Vorstands:</strong></p>



<p><span style=""><strong><mark style="background-color:rgba(0, 0, 0, 0);color:#cf2e2e" class="has-inline-color has-vivid-red-color">Erster</mark></strong></span><span style=""><strong> </strong></span><span style=""><strong><mark style="background-color:rgba(0, 0, 0, 0);color:#cf2e2e" class="has-inline-color has-vivid-red-color">Vorsitzender</mark></strong></span><br />Thomas Pflegshörl<br />Bei der Nachtweide 4<br />63674 Altenstadt-Oberau</p>



<p><span style=""><strong><mark style="background-color:rgba(0, 0, 0, 0);color:#cf2e2e" class="has-inline-color has-vivid-red-color">Stellvertretender Vorsitzender</mark></strong></span><br />Holger Eckhardt<br />Am Pfahlgraben 2<br />63674 Altenstadt-Oberau</p>



<p><span style=""><strong><mark style="background-color:rgba(0, 0, 0, 0);color:#cf2e2e" class="has-inline-color has-vivid-red-color">Schriftführerin</mark></strong></span><br />Katharina Wyrwoll<br />An der Lehmkaute 8<br />63674 Altenstadt-Oberau</p>



<p><span style=""><strong><mark style="background-color:rgba(0, 0, 0, 0);color:#cf2e2e" class="has-inline-color has-vivid-red-color">Kassenwart</mark></strong></span><br />Jan Emmerich<br />Hauptstraße 22<br />63674 Altenstadt-Oberau</p>



<p><strong><mark style="background-color:rgba(0, 0, 0, 0);color:#cf2e2e" class="has-inline-color has-vivid-red-color"><span style="">Beisitzer</span>*innen</mark></strong><br />Heike Pflegshörl<br />Bei der Nachtweide 4<br />63674 Altenstadt-Oberau</p>



<p>Roland Hofmann<br />Breiter Weg 5<br />63674 Altenstadt-Oberau</p>



<p>Jürgen Scherz<br />Breiter Weg 21 A<br />63674 Altenstadt-Oberau</p>



<p>Britta Kirchner<br />Am Wiesengrund 1<br />63674 Altenstadt-Oberau</p>



<p>Petra Fischer<br />Bornfeldstraße 15<br />63674 Altenstadt-Oberau</p>



<p></p>

<p>Hier die Kontaktdaten unseres gewählten Vorstands: Erster VorsitzenderThomas PflegshörlBei der Nachtweide 463674 Altenstadt-Oberau Stellvertretender VorsitzenderHolger EckhardtAm Pfahlgraben 263674 Altenstadt-Oberau SchriftführerinKatharina WyrwollAn der Lehmkaute 863674 Altenstadt-Oberau KassenwartJan EmmerichHauptstraße 2263674 Altenstadt-Oberau Beisitzer*innenHeike PflegshörlBei der Nachtweide 463674 Altenstadt-Oberau Roland HofmannBreiter Weg 563674 Altenstadt-Oberau Jürgen ScherzBreiter Weg 21 A63674 Altenstadt-Oberau Britta KirchnerAm Wiesengrund 163674 Altenstadt-Oberau Petra FischerBornfeldstraße 1563674 Altenstadt-Oberau</p>
