{"id":12,"date":"2015-10-10T19:54:51","date_gmt":"2015-10-10T19:54:51","guid":{"rendered":"http:\/\/hugo-oberau.de\/?page_id=12"},"modified":"2018-02-28T18:34:39","modified_gmt":"2018-02-28T18:34:39","slug":"der-verein","status":"publish","type":"page","link":"http:\/\/hugo-oberau.de\/?page_id=12","title":{"rendered":"DER VEREIN"},"content":{"rendered":"<h3>Herzlich Willkommen bei&nbsp;<strong><span style=\"color: rgb(212, 21, 21);\">HUGO,<\/span><\/strong><br \/>\nunserem&nbsp;<strong><span style=\"color: rgb(212, 21, 21);\">Heimat- und Geschichtsverein Oberau<\/span><\/strong>.<\/h3>\n<p><a href=\"http:\/\/hugo-oberau.de\/wp-content\/uploads\/2016\/03\/HUGO_stehend_Color_nach_links.png\" rel=\"attachment wp-att-365\"><img loading=\"lazy\" decoding=\"async\" width=\"249\" height=\"352\" class=\"wp-image-365 alignright\" alt=\"HUGO_stehend_Color_nach_links\" src=\"http:\/\/hugo-oberau.de\/wp-content\/uploads\/2016\/03\/HUGO_stehend_Color_nach_links-724x1024.png\" srcset=\"http:\/\/hugo-oberau.de\/wp-content\/uploads\/2016\/03\/HUGO_stehend_Color_nach_links-724x1024.png 724w, http:\/\/hugo-oberau.de\/wp-content\/uploads\/2016\/03\/HUGO_stehend_Color_nach_links-212x300.png 212w, http:\/\/hugo-oberau.de\/wp-content\/uploads\/2016\/03\/HUGO_stehend_Color_nach_links-768x1086.png 768w, http:\/\/hugo-oberau.de\/wp-content\/uploads\/2016\/03\/HUGO_stehend_Color_nach_links-269x380.png 269w\" sizes=\"auto, (max-width: 249px) 100vw, 249px\" \/><\/a>Hallo,<\/p>\n<p>ich bin <span style=\"color: rgb(255, 0, 0);\"><strong>HUGO<\/strong> <\/span>und freue mich sehr, dass du hier auf meiner Homepage vorbeischaust.<\/p>\n<p>Nein, ich bin keine 750 Jahre alt &#8211; aber ich habe festgestellt, dass unser Dorf dieses Alter&nbsp; erreicht hat. Und da dachte ich, lass uns doch alle gemeinsam diesen einmaligen Geburtstag feiern.<\/p>\n<p>Auf meinen HUGO-Stammtischen konnte ich bisher leider nicht pers\u00f6nlich vorbeischauen. Wie du siehst bin ich ja von Beruf T\u00f6pfer, was sollte ich auch sonst sein, ich stamme ja auch aus unserem sch\u00f6nen Oberau und war&nbsp;lange Zeit&nbsp;auf einer Auslandsreise, wo ich vielen anderen Menschen das T\u00f6pferhandwerk beigebracht habe. Aber jetzt bin ich zur\u00fcck in meiner Heimat und freue mich riesig mit Euch gemeinsam sch\u00f6ne Feste zu feiern!<\/p>\n<p>Am 13. Juni 2014&nbsp;fand das&nbsp;erste Treffen von interessierten B\u00fcrgerinnen und B\u00fcrgern zum Thema Dorfjubil\u00e4um statt. Recherchen einiger begeisterter Oberauer&nbsp;hatten ergeben, dass es eine urkundliche Erw\u00e4hnung von Oberau aus dem Jahre 1267 gibt. Diese Jahreszahl l\u00e4sst auf ein 750-j\u00e4hriges Bestehen unseres Ortes im Jahr 2017 schlie\u00dfen.<\/p>\n<p>Jetzt komme ich wieder ins Spiel. Nicht nur zur Ausrichtung des Jubil\u00e4ums, sondern auch weil der Einstieg in die Vergangenheit sehr spannend und interessant ist,&nbsp;haben wir&nbsp;diesen Verein gegr\u00fcndet.&nbsp;Er&nbsp;soll aber nicht nur von einigen Wenigen getragen werden, sondern von m\u00f6glichst vielen B\u00fcrgerinnen und B\u00fcrgern aus Oberau und Umgebung.<br \/>\nEben von Oberaufreunden.<\/p>\n<p>Das Dorfjubil\u00e4um im Jahr 2017 soll nicht das einzige Ziel des Vereins sein. Auf diesen Seiten&nbsp;m\u00f6chte ich Euch dauerhaft&nbsp;\u00fcber Oberau, dessen Historie sowie unsere gesellschaftlichen und kulturellen Aktivit\u00e4ten informieren.<\/p>\n<p>Viel&nbsp;Freude beim Durchst\u00f6bern der Seiten w\u00fcnschen Euch<\/p>\n<p>Euer <span style=\"color: rgb(255, 0, 0);\"><strong>HUGO<br \/>\n<\/strong><\/span><\/p>\n<h4><span style=\"text-decoration: underline;\"><span style=\"color: rgb(255, 0, 0);\"><strong><a style=\"color: rgb(255, 0, 0); text-decoration: underline;\" href=\"http:\/\/hugo-oberau.de\/?page_id=157\">Hier geht&#8217;s zu unserem Vorstand.<\/a><\/strong><\/span><\/span><\/h4>\n<h4><span style=\"text-decoration: underline;\"><span style=\"color: rgb(255, 0, 0);\"><strong><a style=\"color: rgb(255, 0, 0); text-decoration: underline;\" href=\"http:\/\/hugo-oberau.de\/?page_id=23\">Hier findet Ihr Informationen und Eindr\u00fccke zur Gr\u00fcndungsveranstaltung.<\/a><\/strong><\/span><\/span><\/h4>\n<h4><span style=\"text-decoration: underline;\"><span style=\"color: rgb(255, 0, 0);\"><strong><a style=\"color: rgb(255, 0, 0); text-decoration: underline;\" href=\"http:\/\/hugo-oberau.de\/?page_id=140\">So hat alles angefangen.<\/a><\/strong><\/span><\/span><\/h4>\n<h4><span style=\"color: rgb(255, 0, 0);\"><strong><a style=\"color: rgb(255, 0, 0); text-decoration: underline;\" href=\"http:\/\/hugo-oberau.de\/wp-content\/uploads\/2015\/10\/Satzung-HUGO.pdf\" rel=\"\">Vereinssatzung von HUGO<\/a><\/strong><\/span><\/h4>\n<p>&nbsp;<\/p>\n","protected":false},"excerpt":{"rendered":"<p>Herzlich Willkommen bei&nbsp;HUGO, unserem&nbsp;Heimat- und Geschichtsverein Oberau. Hallo, ich bin HUGO und freue mich sehr, dass du hier auf meiner Homepage vorbeischaust. Nein, ich bin keine 750 Jahre alt &#8211; aber ich habe festgestellt, dass unser Dorf dieses Alter&nbsp; erreicht hat. Und da dachte ich, lass uns doch alle gemeinsam diesen einmaligen Geburtstag feiern. Auf &hellip; <a href=\"http:\/\/hugo-oberau.de\/?page_id=12\" class=\"more-link\">Weiterlesen <span class=\"screen-reader-text\">DER VEREIN<\/span><\/a><\/p>\n","protected":false},"author":1,"featured_media":0,"parent":0,"menu_order":0,"comment_status":"closed","ping_status":"closed","template":"page-templates\/full-width-page.php","meta":{"ngg_post_thumbnail":0,"footnotes":""},"class_list":["post-12","page","type-page","status-publish","hentry","without-featured-image"],"_links":{"self":[{"href":"http:\/\/hugo-oberau.de\/index.php?rest_route=\/wp\/v2\/pages\/12","targetHints":{"allow":["GET"]}}],"collection":[{"href":"http:\/\/hugo-oberau.de\/index.php?rest_route=\/wp\/v2\/pages"}],"about":[{"href":"http:\/\/hugo-oberau.de\/index.php?rest_route=\/wp\/v2\/types\/page"}],"author":[{"embeddable":true,"href":"http:\/\/hugo-oberau.de\/index.php?rest_route=\/wp\/v2\/users\/1"}],"replies":[{"embeddable":true,"href":"http:\/\/hugo-oberau.de\/index.php?rest_route=%2Fwp%2Fv2%2Fcomments&post=12"}],"version-history":[{"count":23,"href":"http:\/\/hugo-oberau.de\/index.php?rest_route=\/wp\/v2\/pages\/12\/revisions"}],"predecessor-version":[{"id":685,"href":"http:\/\/hugo-oberau.de\/index.php?rest_route=\/wp\/v2\/pages\/12\/revisions\/685"}],"wp:attachment":[{"href":"http:\/\/hugo-oberau.de\/index.php?rest_route=%2Fwp%2Fv2%2Fmedia&parent=12"}],"curies":[{"name":"wp","href":"https:\/\/api.w.org\/{rel}","templated":true}]}}

<h3>Herzlich Willkommen bei&nbsp;<strong><span style="color: rgb(212, 21, 21);">HUGO,</span></strong><br />
unserem&nbsp;<strong><span style="color: rgb(212, 21, 21);">Heimat- und Geschichtsverein Oberau</span></strong>.</h3>
<p><a href="http://hugo-oberau.de/wp-content/uploads/2016/03/HUGO_stehend_Color_nach_links.png" rel="attachment wp-att-365"><img loading="lazy" decoding="async" width="249" height="352" class="wp-image-365 alignright" alt="HUGO_stehend_Color_nach_links" src="http://hugo-oberau.de/wp-content/uploads/2016/03/HUGO_stehend_Color_nach_links-724x1024.png" srcset="http://hugo-oberau.de/wp-content/uploads/2016/03/HUGO_stehend_Color_nach_links-724x1024.png 724w, http://hugo-oberau.de/wp-content/uploads/2016/03/HUGO_stehend_Color_nach_links-212x300.png 212w, http://hugo-oberau.de/wp-content/uploads/2016/03/HUGO_stehend_Color_nach_links-768x1086.png 768w, http://hugo-oberau.de/wp-content/uploads/2016/03/HUGO_stehend_Color_nach_links-269x380.png 269w" sizes="auto, (max-width: 249px) 100vw, 249px" /></a>Hallo,</p>
<p>ich bin <span style="color: rgb(255, 0, 0);"><strong>HUGO</strong> </span>und freue mich sehr, dass du hier auf meiner Homepage vorbeischaust.</p>
<p>Nein, ich bin keine 750 Jahre alt &#8211; aber ich habe festgestellt, dass unser Dorf dieses Alter&nbsp; erreicht hat. Und da dachte ich, lass uns doch alle gemeinsam diesen einmaligen Geburtstag feiern.</p>
<p>Auf meinen HUGO-Stammtischen konnte ich bisher leider nicht persönlich vorbeischauen. Wie du siehst bin ich ja von Beruf Töpfer, was sollte ich auch sonst sein, ich stamme ja auch aus unserem schönen Oberau und war&nbsp;lange Zeit&nbsp;auf einer Auslandsreise, wo ich vielen anderen Menschen das Töpferhandwerk beigebracht habe. Aber jetzt bin ich zurück in meiner Heimat und freue mich riesig mit Euch gemeinsam schöne Feste zu feiern!</p>
<p>Am 13. Juni 2014&nbsp;fand das&nbsp;erste Treffen von interessierten Bürgerinnen und Bürgern zum Thema Dorfjubiläum statt. Recherchen einiger begeisterter Oberauer&nbsp;hatten ergeben, dass es eine urkundliche Erwähnung von Oberau aus dem Jahre 1267 gibt. Diese Jahreszahl lässt auf ein 750-jähriges Bestehen unseres Ortes im Jahr 2017 schließen.</p>
<p>Jetzt komme ich wieder ins Spiel. Nicht nur zur Ausrichtung des Jubiläums, sondern auch weil der Einstieg in die Vergangenheit sehr spannend und interessant ist,&nbsp;haben wir&nbsp;diesen Verein gegründet.&nbsp;Er&nbsp;soll aber nicht nur von einigen Wenigen getragen werden, sondern von möglichst vielen Bürgerinnen und Bürgern aus Oberau und Umgebung.<br />
Eben von Oberaufreunden.</p>
<p>Das Dorfjubiläum im Jahr 2017 soll nicht das einzige Ziel des Vereins sein. Auf diesen Seiten&nbsp;möchte ich Euch dauerhaft&nbsp;über Oberau, dessen Historie sowie unsere gesellschaftlichen und kulturellen Aktivitäten informieren.</p>
<p>Viel&nbsp;Freude beim Durchstöbern der Seiten wünschen Euch</p>
<p>Euer <span style="color: rgb(255, 0, 0);"><strong>HUGO<br />
</strong></span></p>
<h4><span style="text-decoration: underline;"><span style="color: rgb(255, 0, 0);"><strong><a style="color: rgb(255, 0, 0); text-decoration: underline;" href="http://hugo-oberau.de/?page_id=157">Hier geht&#8217;s zu unserem Vorstand.</a></strong></span></span></h4>
<h4><span style="text-decoration: underline;"><span style="color: rgb(255, 0, 0);"><strong><a style="color: rgb(255, 0, 0); text-decoration: underline;" href="http://hugo-oberau.de/?page_id=23">Hier findet Ihr Informationen und Eindrücke zur Gründungsveranstaltung.</a></strong></span></span></h4>
<h4><span style="text-decoration: underline;"><span style="color: rgb(255, 0, 0);"><strong><a style="color: rgb(255, 0, 0); text-decoration: underline;" href="http://hugo-oberau.de/?page_id=140">So hat alles angefangen.</a></strong></span></span></h4>
<h4><span style="color: rgb(255, 0, 0);"><strong><a style="color: rgb(255, 0, 0); text-decoration: underline;" href="http://hugo-oberau.de/wp-content/uploads/2015/10/Satzung-HUGO.pdf" rel="">Vereinssatzung von HUGO</a></strong></span></h4>
<p>&nbsp;</p>
